 a prime number?
False
Is 66075314 a composite number?
True
Is 11537665063 a composite number?
False
Is 1895832814 prime?
False
Is 80409240683 a prime number?
True
Is 3478925389 composite?
False
Is 11715419011 a prime number?
True
Is 791160197 a prime number?
True
Is 312790707581 prime?
False
Is 8219678997 prime?
False
Is 26994601327 a prime number?
True
Is 3430110977 composite?
False
Is 2657827303 composite?
False
Is 10690121503 a prime number?
True
Is 14006565637 a composite number?
False
Is 28524009873 a prime number?
False
Is 7924320431 prime?
False
Is 8664114611 a composite number?
False
Is 6343615087 prime?
True
Is 10537884491 a composite number?
True
Is 909812489 a prime number?
True
Is 2550485089 a composite number?
False
Is 851121478 a composite number?
True
Is 485461547 a prime number?
True
Is 166894561763 prime?
True
Is 21811316762 a prime number?
False
Is 252983959 prime?
False
Is 930193627 prime?
False
Is 7451783 composite?
True
Is 4520699717 prime?
False
Is 42655684843 composite?
True
Is 51019470767 prime?
True
Is 211494029921 a prime number?
True
Is 34651142107 prime?
False
Is 4525796419 a prime number?
False
Is 50784504239 prime?
False
Is 619817567 a composite number?
False
Is 1160396509 a prime number?
True
Is 95547152881 a prime number?
False
Is 734626133 a prime number?
False
Is 5229684781 a composite number?
False
Is 31992718501 prime?
True
Is 5530495291 a composite number?
True
Is 2173348091 a composite number?
True
Is 2537518591 composite?
True
Is 10035523783 a prime number?
False
Is 5475791791 a prime number?
False
Is 415887713 composite?
True
Is 6462707 a composite number?
True
Is 261195301 a composite number?
True
Is 182705880463 composite?
True
Is 1075211321 prime?
True
Is 98531117 a composite number?
False
Is 1104379379 a prime number?
True
Is 855033677 a prime number?
True
Is 629642459 a prime number?
True
Is 325710121 composite?
True
Is 9127999415 a prime number?
False
Is 4477821833 prime?
False
Is 46422606431 a composite number?
True
Is 3045378331 a composite number?
False
Is 36674622431 a composite number?
False
Is 43426044071 a composite number?
False
Is 58905914371 composite?
True
Is 3678543047 a prime number?
False
Is 9872381413 prime?
True
Is 109587061 prime?
False
Is 5488482371 prime?
False
Is 15165238087 a composite number?
False
Is 1012802507 prime?
True
Is 1906042889 composite?
False
Is 1361213411 a prime number?
False
Is 139139729 a prime number?
True
Is 17004663422 composite?
True
Is 1195856393 prime?
True
Is 1534074109 a prime number?
False
Is 11599156741 composite?
False
Is 16250396641 prime?
True
Is 20853009563 a composite number?
False
Is 3509018393 a prime number?
True
Is 27215161 a composite number?
False
Is 712918459 prime?
False
Is 4971747701 a prime number?
True
Is 348798817 composite?
False
Is 133435139 composite?
True
Is 1065399947 a prime number?
True
Is 3789865379 composite?
False
Is 2128929287 prime?
True
Is 10870607399 prime?
False
Is 479595239 a composite number?
False
Is 899979929 prime?
False
Is 11374252291 prime?
True
Is 1565458669 a prime number?
True
Is 631805369 a prime number?
False
Is 2547283249 a prime number?
False
Is 8214355517 a prime number?
True
Is 37716289627 a prime number?
True
Is 2988520993 a composite number?
True
Is 152987227 a prime number?
False
Is 7859631073 a prime number?
False
Is 7052659199 composite?
False
Is 5624340361 a composite number?
True
Is 36829107563 a prime number?
True
Is 30707401493 prime?
True
Is 60243983 composite?
False
Is 41545358563 a prime number?
False
Is 10831153937 composite?
False
Is 1524114151 a prime number?
False
Is 2212215387 prime?
False
Is 41765780689 composite?
True
Is 55725799705 composite?
True
Is 5181528533 a composite number?
False
Is 51208434317 composite?
True
Is 54569910911 a composite number?
False
Is 233972392879 composite?
False
Is 88714362221 a composite number?
True
Is 5102780939 a composite number?
True
Is 28817719 composite?
True
Is 883987099 a composite number?
False
Is 1343630753 prime?
True
Is 48495410801 a composite number?
False
Is 2535030073 composite?
True
Is 1943802361 prime?
True
Is 442911817 a prime number?
True
Is 4398436157 a composite number?
False
Is 1719219901 composite?
True
Is 90644921 a composite number?
False
Is 1631161669 a prime number?
True
Is 208236307 composite?
False
Is 18397671193 composite?
True
Is 2925137 a prime number?
True
Is 111752957177 a prime number?
True
Is 1766867009 a prime number?
True
Is 132420287 a prime number?
True
Is 11488104379 composite?
True
Is 67966817089 composite?
False
Is 17583385211 prime?
False
Is 1227651371 prime?
True
Is 2528219051 composite?
True
Is 2091646783 prime?
True
Is 10152357 composite?
True
Is 2081163089 a composite number?
False
Is 4329881863 composite?
True
Is 2869658537 a composite number?
False
Is 252151984061 composite?
False
Is 164065321 prime?
False
Is 2396448793 a composite number?
False
Is 791687077 prime?
False
Is 10257439849 composite?
True
Is 53862002671 a composite number?
True
Is 50468339357 a composite number?
True
Is 31069961437 prime?
True
Is 2475688195 composite?
True
Is 299794777 prime?
True
Is 11558515039 a prime number?
False
Is 27795413687 composite?
False
Is 345919493 prime?
True
Is 37600173683 composite?
True
Is 12929884603 prime?
True
Is 2494603519 composite?
True
Is 24632059 prime?
True
Is 4848700069 composite?
False
Is 5076359471 composite?
False
Is 1821816911 prime?
False
Is 4257684703 a prime number?
True
Is 1207832539 a prime number?
False
Is 87039290669 a composite number?
False
Is 20390680913 a prime number?
False
Is 183461871251 composite?
False
Is 2736853751 prime?
True
Is 8506583071 prime?
False
Is 5351653169 composite?
False
Is 31081543517 prime?
True
Is 1650698177 composite?
False
Is 556042199 a prime number?
False
Is 3837074869 composite?
False
Is 820278097 a prime number?
True
Is 10460646737 prime?
False
Is 410763077 a composite number?
False
Is 26999109541 a prime number?
False
Is 91254574909 prime?
True
Is 8499112477 composite?
False
Is 156197193 a composite number?
True
Is 181195501 a composite number?
True
Is 17082479837 prime?
False
Is 133785295729 prime?
False
Is 382420789 composite?
True
Is 100344167843 a prime number?
False
Is 3433198033 composite?
True
Is 93524177 a composite number?
False
Is 52633221529 composite?
True
Is 2333927797 composite?
True
Is 6078592447 composite?
True
Is 8221405201 a composite number?
False
Is 2719084909 a prime number?
False
Is 716773117 a composite number?
True
Is 93888140947 prime?
False
Is 3833688533 composite?
True
Is 4486527427 prime?
True
Is 26522073463 a prime number?
True
Is 15490313 composite?
False
Is 154000466141 prime?
True
Is 68360041 composite?
True
Is 15983206907 composite?
True
Is 74301370355 a prime number?
False
Is 12305390819 a prime number?
False
Is 531743921 a prime number?
False
Is 11406686749 composite?
True
Is 14353320589 composite?
False
Is 27169560059 a prime number?
False
Is 18511253807 a composite number?
False
Is 27530177 a prime number?
True
Is 13752826843 a composite number?
True
Is 4340340541 a composite number?
False
Is 4387917593 prime?
True
Is 3113742491 a composite number?
True
Is 25164818423 a composite number?
True
Is 16677394309 composite?
True
Is 7001115091 a composite number?
False
Is 202159213 a prime number?
False
Is 245697071 composite?
False
Is 8097878143 composite?
True
Is 2326174937 a composite number?
True
Is 13504045517 composite?
True
Is 12883376197 a prime number?
False
Is 56900982937 composite?
True
Is 4714892717 a composite number?
False
Is 1463455321 a prime number?
True
Is 9778527145 a prime number?
False
Is 3546408041 a prime number?
False
Is 243959669 a prime number?
True
Is 30602944459 a prime number?
False
Is 2854834511 a composite number?
False
Is 240177063821 a composite number?
False
Is 1011917957 a prime number?
True
Is 1576455187 prime?
False
Is 1001605021 a composite number?
True
Is 12503528005 a composite number?
True
Is 6715050227 composite?
True
Is 1620792295 a prime number?
False
Is 5621725199 composite?
False
Is 54218162333 a composite number?
True
Is 46533664517 composite?
False
Is 147172004249 a prime number?
True
Is 3528348377 a composite number?
False
Is 4206979841 a prime number?
False
Is 126339947 pr